{"id":14418,"date":"2026-05-01T04:38:02","date_gmt":"2026-05-01T02:38:02","guid":{"rendered":"https:\/\/bestiesbakery.fr\/gennevilliers\/?post_type=product&#038;p=14418"},"modified":"2026-05-06T03:22:07","modified_gmt":"2026-05-06T01:22:07","slug":"totally-cake-backpack","status":"publish","type":"product","link":"https:\/\/bestiesbakery.fr\/gennevilliers\/produit\/totally-cake-backpack\/","title":{"rendered":"Totally Cake &#8211; BACKPACK"},"content":{"rendered":"<p data-start=\"1339\" data-end=\"1651\">D\u00e9couvrez notre layer cake <strong data-start=\"1366\" data-end=\"1414\">Totally Cake &#8211; Backpack <\/strong>, un g\u00e2teau inspir\u00e9 d\u2019un accessoire ultra girly et reconnaissable de l\u2019univers des espionnes. Avec ses couleurs <strong>rose et jaune<\/strong>, son esprit pop et son design plein de nostalgie, ce g\u00e2teau est parfait pour une f\u00eate fun, styl\u00e9e et originale.<\/p>\n<p data-start=\"1653\" data-end=\"1950\">Id\u00e9al pour un anniversaire, une soir\u00e9e entre amies ou une surprise dans le th\u00e8me, ce layer cake reprend l\u2019univers des Totally Spies avec une touche fashion, color\u00e9e et pleine d\u2019\u00e9nergie. Son look fa\u00e7on accessoire culte apporte une vraie personnalit\u00e9 \u00e0 votre table et attire imm\u00e9diatement le regard.<\/p>\n","protected":false},"excerpt":{"rendered":"<p>Un layer cake inspir\u00e9 du <strong data-start=\"1198\" data-end=\"1248\">sac \u00e0 dos c\u0153ur rose et jaune des Totally Spies<\/strong> : color\u00e9, girly, r\u00e9tro et parfait pour une f\u00eate pleine de style.<\/p>\n","protected":false},"featured_media":14573,"template":"","meta":{"_acf_changed":false,"_seopress_robots_primary_cat":"none","_seopress_titles_title":"","_seopress_titles_desc":"","_seopress_robots_index":"","inline_featured_image":false},"product_cat":[131,124],"product_tag":[],"acf":[],"_links":{"self":[{"href":"https:\/\/bestiesbakery.fr\/gennevilliers\/wp-json\/wp\/v2\/product\/14418"}],"collection":[{"href":"https:\/\/bestiesbakery.fr\/gennevilliers\/wp-json\/wp\/v2\/product"}],"about":[{"href":"https:\/\/bestiesbakery.fr\/gennevilliers\/wp-json\/wp\/v2\/types\/product"}],"wp:featuredmedia":[{"embeddable":true,"href":"https:\/\/bestiesbakery.fr\/gennevilliers\/wp-json\/wp\/v2\/media\/14573"}],"wp:attachment":[{"href":"https:\/\/bestiesbakery.fr\/gennevilliers\/wp-json\/wp\/v2\/media?parent=14418"}],"wp:term":[{"taxonomy":"product_cat","embeddable":true,"href":"https:\/\/bestiesbakery.fr\/gennevilliers\/wp-json\/wp\/v2\/product_cat?post=14418"},{"taxonomy":"product_tag","embeddable":true,"href":"https:\/\/bestiesbakery.fr\/gennevilliers\/wp-json\/wp\/v2\/product_tag?post=14418"}],"curies":[{"name":"wp","href":"https:\/\/api.w.org\/{rel}","templated":true}]}}