{"id":12007,"date":"2025-02-01T01:14:51","date_gmt":"2025-02-01T00:14:51","guid":{"rendered":"https:\/\/bestiesbakery.fr\/gennevilliers\/?post_type=product&#038;p=12007"},"modified":"2026-05-06T03:34:38","modified_gmt":"2026-05-06T01:34:38","slug":"wedding-cake-flower-fraisier","status":"publish","type":"product","link":"https:\/\/bestiesbakery.fr\/gennevilliers\/produit\/wedding-cake-flower-fraisier\/","title":{"rendered":"Flower Fraisier &#8211; Wedding edition"},"content":{"rendered":"<p><img fetchpriority=\"high\" decoding=\"async\" class=\"alignnone size-medium wp-image-11992\" src=\"https:\/\/bestiesbakery.fr\/paris\/wp-content\/uploads\/sites\/2\/2025\/02\/flowers-fraisier-1@2x-169x300.jpg\" alt=\"flowers fraisier 1\" width=\"169\" height=\"300\" srcset=\"https:\/\/bestiesbakery.fr\/gennevilliers\/wp-content\/uploads\/sites\/7\/2025\/02\/flowers-fraisier-1@2x-169x300.jpg 169w, https:\/\/bestiesbakery.fr\/gennevilliers\/wp-content\/uploads\/sites\/7\/2025\/02\/flowers-fraisier-1@2x-576x1024.jpg 576w, https:\/\/bestiesbakery.fr\/gennevilliers\/wp-content\/uploads\/sites\/7\/2025\/02\/flowers-fraisier-1@2x-768x1365.jpg 768w, https:\/\/bestiesbakery.fr\/gennevilliers\/wp-content\/uploads\/sites\/7\/2025\/02\/flowers-fraisier-1@2x-864x1536.jpg 864w, https:\/\/bestiesbakery.fr\/gennevilliers\/wp-content\/uploads\/sites\/7\/2025\/02\/flowers-fraisier-1@2x-1152x2048.jpg 1152w, https:\/\/bestiesbakery.fr\/gennevilliers\/wp-content\/uploads\/sites\/7\/2025\/02\/flowers-fraisier-1@2x-515x916.jpg 515w, https:\/\/bestiesbakery.fr\/gennevilliers\/wp-content\/uploads\/sites\/7\/2025\/02\/flowers-fraisier-1@2x-scaled.jpg 1440w\" sizes=\"(max-width: 169px) 100vw, 169px\" \/> <img decoding=\"async\" class=\"alignnone size-medium wp-image-11991\" src=\"https:\/\/bestiesbakery.fr\/paris\/wp-content\/uploads\/sites\/2\/2025\/02\/flower-fraisier@2x-169x300.jpg\" alt=\"flower fraisier\" width=\"169\" height=\"300\" srcset=\"https:\/\/bestiesbakery.fr\/gennevilliers\/wp-content\/uploads\/sites\/7\/2025\/02\/flower-fraisier@2x-169x300.jpg 169w, https:\/\/bestiesbakery.fr\/gennevilliers\/wp-content\/uploads\/sites\/7\/2025\/02\/flower-fraisier@2x-576x1024.jpg 576w, https:\/\/bestiesbakery.fr\/gennevilliers\/wp-content\/uploads\/sites\/7\/2025\/02\/flower-fraisier@2x-768x1365.jpg 768w, https:\/\/bestiesbakery.fr\/gennevilliers\/wp-content\/uploads\/sites\/7\/2025\/02\/flower-fraisier@2x-864x1536.jpg 864w, https:\/\/bestiesbakery.fr\/gennevilliers\/wp-content\/uploads\/sites\/7\/2025\/02\/flower-fraisier@2x-1152x2048.jpg 1152w, https:\/\/bestiesbakery.fr\/gennevilliers\/wp-content\/uploads\/sites\/7\/2025\/02\/flower-fraisier@2x-515x916.jpg 515w, https:\/\/bestiesbakery.fr\/gennevilliers\/wp-content\/uploads\/sites\/7\/2025\/02\/flower-fraisier@2x-scaled.jpg 1440w\" sizes=\"(max-width: 169px) 100vw, 169px\" \/> <img decoding=\"async\" class=\"alignnone size-medium wp-image-11990\" src=\"https:\/\/bestiesbakery.fr\/paris\/wp-content\/uploads\/sites\/2\/2025\/02\/flower-fraisier-4@2x-169x300.jpg\" alt=\"flower fraisier 4\" width=\"169\" height=\"300\" srcset=\"https:\/\/bestiesbakery.fr\/gennevilliers\/wp-content\/uploads\/sites\/7\/2025\/02\/flower-fraisier-4@2x-169x300.jpg 169w, https:\/\/bestiesbakery.fr\/gennevilliers\/wp-content\/uploads\/sites\/7\/2025\/02\/flower-fraisier-4@2x-576x1024.jpg 576w, https:\/\/bestiesbakery.fr\/gennevilliers\/wp-content\/uploads\/sites\/7\/2025\/02\/flower-fraisier-4@2x-768x1365.jpg 768w, https:\/\/bestiesbakery.fr\/gennevilliers\/wp-content\/uploads\/sites\/7\/2025\/02\/flower-fraisier-4@2x-864x1536.jpg 864w, https:\/\/bestiesbakery.fr\/gennevilliers\/wp-content\/uploads\/sites\/7\/2025\/02\/flower-fraisier-4@2x-1152x2048.jpg 1152w, https:\/\/bestiesbakery.fr\/gennevilliers\/wp-content\/uploads\/sites\/7\/2025\/02\/flower-fraisier-4@2x-515x916.jpg 515w, https:\/\/bestiesbakery.fr\/gennevilliers\/wp-content\/uploads\/sites\/7\/2025\/02\/flower-fraisier-4@2x-scaled.jpg 1440w\" sizes=\"(max-width: 169px) 100vw, 169px\" \/><\/p>\n<p>&nbsp;<\/p>\n","protected":false},"excerpt":{"rendered":"<p><span style=\"font-weight: 400\">D\u00e9couvrez le <\/span><b>Flower<\/b> <b>Fraisier<\/b><span style=\"font-weight: 400\"> des Besties !\u00a0<\/span><\/p>\n<p><span style=\"font-weight: 400\">Ne passez pas \u00e0 c\u00f4t\u00e9 de cet incontournable de la p\u00e2tisserie version layer cake, avec une g\u00e9noise vanille et un fourrage chantilly vanille accompagn\u00e9 de ses fraises\u00a0fra\u00eeches.<\/span><\/p>\n<p>Un m\u00e9lange d\u2019\u00e9l\u00e9gance et de douceur pour votre dessert de mariage.<\/p>\n","protected":false},"featured_media":14711,"template":"","meta":{"_acf_changed":false,"_seopress_robots_primary_cat":"none","_seopress_titles_title":"","_seopress_titles_desc":"","_seopress_robots_index":"","inline_featured_image":false},"product_cat":[92,124],"product_tag":[51,71,89],"acf":[],"_links":{"self":[{"href":"https:\/\/bestiesbakery.fr\/gennevilliers\/wp-json\/wp\/v2\/product\/12007"}],"collection":[{"href":"https:\/\/bestiesbakery.fr\/gennevilliers\/wp-json\/wp\/v2\/product"}],"about":[{"href":"https:\/\/bestiesbakery.fr\/gennevilliers\/wp-json\/wp\/v2\/types\/product"}],"wp:featuredmedia":[{"embeddable":true,"href":"https:\/\/bestiesbakery.fr\/gennevilliers\/wp-json\/wp\/v2\/media\/14711"}],"wp:attachment":[{"href":"https:\/\/bestiesbakery.fr\/gennevilliers\/wp-json\/wp\/v2\/media?parent=12007"}],"wp:term":[{"taxonomy":"product_cat","embeddable":true,"href":"https:\/\/bestiesbakery.fr\/gennevilliers\/wp-json\/wp\/v2\/product_cat?post=12007"},{"taxonomy":"product_tag","embeddable":true,"href":"https:\/\/bestiesbakery.fr\/gennevilliers\/wp-json\/wp\/v2\/product_tag?post=12007"}],"curies":[{"name":"wp","href":"https:\/\/api.w.org\/{rel}","templated":true}]}}